1?
-23431
In base 3, what is 1 - -10220202?
10220210
In base 2, what is -1111 + 11110?
1111
In base 6, what is 222322 - -2?
222324
In base 10, what is -29 + 9?
-20
In base 3, what is -10020 - -12?
-10001
In base 14, what is 8 + 1c5b?
1c65
In base 15, what is 13d - -c?
14a
In base 9, what is 1 + -1142?
-1141
In base 14, what is -a - -386?
37a
In base 16, what is 33 + 39?
6c
In base 4, what is -11 + 203?
132
In base 12, what is -8 - -12?
6
In base 5, what is -442 - -10?
-432
In base 4, what is 232 - -2?
300
In base 4, what is 21103 + -3?
21100
In base 2, what is 1110000001010 + 11?
1110000001101
In base 9, what is 1 - -283?
284
In base 4, what is 1013 - 3332?
-2313
In base 12, what is -86b + -a?
-879
In base 9, what is -4 + 62?
57
In base 7, what is -2 - -106?
104
In base 3, what is 211 + 20?
1001
In base 10, what is 12 - 41?
-29
In base 11, what is -2 - 51?
-53
In base 9, what is 266 - 2?
264
In base 13, what is -41c - 2?
-421
In base 4, what is 10 - 202?
-132
In base 6, what is -3 - 22101?
-22104
In base 13, what is 7c + -1?
7b
In base 4, what is 2 - 220?
-212
In base 3, what is -10 - -1021?
1011
In base 14, what is 19 + 109?
124
In base 11, what is -6 - -37?
31
In base 14, what is -679 - 5?
-680
In base 3, what is 22000 + 11?
22011
In base 12, what is 5 - -a00?
a05
In base 9, what is 10 + 51?
61
In base 15, what is a - -4?
e
In base 16, what is 24 - 16?
e
In base 16, what is -3b7d + -3?
-3b80
In base 8, what is 3 + -166?
-163
In base 5, what is 1213 - 10?
1203
In base 16, what is 6f + -2?
6d
In base 4, what is 13213 + 2?
13221
In base 10, what is -2 - -27?
25
In base 16, what is -60 - -3?
-5d
In base 4, what is 31221 + -2?
31213
In base 5, what is -43 - -322?
224
In base 4, what is 10 - 323?
-313
In base 12, what is -7093 + 2?
-7091
In base 13, what is 5 - 116?
-111
In base 2, what is -100010000101 - -100?
-100010000001
In base 2, what is -1 + 1101?
1100
In base 16, what is -79 - -2?
-77
In base 10, what is 4 - 320?
-316
In base 16, what is -7 + 242?
23b
In base 10, what is -896 + 2?
-894
In base 6, what is 3 - -2413?
2420
In base 16, what is -63 + -61?
-c4
In base 8, what is -1022 - -1?
-1021
In base 14, what is 29 - -c?
37
In base 2, what is -10001100 - -101?
-10000111
In base 14, what is 0 - -54?
54
In base 6, what is -1553 + 1?
-1552
In base 2, what is 1100110 + -1?
1100101
In base 13, what is -267 + -2?
-269
In base 14, what is -2 - 1178?
-117a
In base 4, what is -2100 - -21?
-2013
In base 7, what is 1 + -2?
-1
In base 3, what is 1002 - 1102?
-100
In base 6, what is -4 + -220?
-224
In base 14, what is -1 + -c7?
-c8
In base 15, what is -b + 330?
324
In base 5, what is -104 - -101?
-3
In base 8, what is -7 - 20?
-27
In base 13, what is 23 + 85?
a8
In base 3, what is -1 + -20?
-21
In base 16, what is 8 + 1a0?
1a8
In base 11, what is 8 + 570?
578
In base 8, what is 5 - -372?
377
In base 5, what is 44 - 2220?
-2121
In base 11, what is -259 - -1?
-258
In base 2, what is 10 + 11110000?
11110010
In base 16, what is -1 - -2e?
2d
In base 5, what is -324413 - 2?
-324420
In base 2, what is -101 - 101?
-1010
In base 13, what is 40 + -b3?
-73
In base 16, what is 204 + 2?
206
In base 7, what is -25551 - 3?
-25554
In base 9, what is 11 + 340?
351
In base 14, what is 1 - 17?
-16
In base 7, what is 1 - -263?
264
In base 15, what is 1 - -516?
517
In base 11, what is 0 + 34?
34
In base 14, what is -3 - -c?
9
In base 12, what is 154 - 6?
14a
In base 5, what is -11123 - 0?
-11123
In base 11, what is 2300 + -4?
22a7
In base 8, what is 34 - 176?
-142
In base 12, what is 144 + -a?
136
In base 10, what is -7 - -1?
-6
In base 10, what is 1 - 772?
-771
In base 15, what is -4 + -17?
-1b
In base 9, what is 0 - 2678?
-2678
In base 12, what is a + 26?
34
In base 7, what is 0 - 1220?
-1220
In base 5, what is -223 + -221?
-444
In base 16, what is 35 - 7?
2e
In base 2, what is -1000 + -101100101?
-101101101
In base 11, what is 0 + -2140?
-2140
In base 3, what is -102220 + -10?
-110000
In base 3, what is -101110 - 12?
-101122
In base 15, what is -2 - -d43?
d41
In base 15, what is 50 + 20?
70
In base 9, what is 2 + -1601?
-1588
In base 4, what is 3 + -3112?
-3103
In base 12, what is 2 + 12?
14
In base 13, what is -24 - -2?
-22
In base 9, what is 340 + 108?
448
In base 16, what is -1 - -5b?
5a
In base 8, what is 2 - -121?
123
In base 12, what is -11 + -88?
-99
In base 12, what is -60 + 2?
-5a
In base 14, what is 10 + 86?
96
In base 4, what is 1 + -11001?
-11000
In base 15, what is 6 - 18?
-12
In base 10, what is -5 - -690?
685
In base 13, what is -3 - 22?
-25
In base 9, what is -2160 + 3?
-2156
In base 8, what is 6 - -25?
33
In base 3, what is -1012 - 10020?
-11102
In base 7, what is -21535 - -4?
-21531
In base 14, what is -52 - 4?
-56
In base 8, what is 555 - -5?
562
In base 2, what is 10011000 + -110111?
1100001
In base 16, what is 3a + 2?
3c
In base 15, what is 0 - -6?
6
In base 6, what is 35451 + 5?
35500
In base 5, what is 1 + -22203?
-22202
In base 4, what is 2 + -233?
-231
In base 7, what is 354 - -4?
361
In base 2, what is 101110 - -1100?
111010
In base 3, what is 11 + 110?
121
In base 12, what is -4 + -17bb?
-1803
In base 6, what is 112 - 124?
-12
In base 9, what is 4 - 521?
-516
In base 15, what is -33 - -c4?
91
In base 11, what is -9 - 2?
-10
In base 12, what is -1 + -86?
-87
In base 10, what is -2267 + -2?
-2269
In base 14, what is c + -d?
-1
In base 6, what is -3 - -1150?
1143
In base 4, what is 331 + 1?
332
In base 16, what is 6 + 3?
9
In base 14, what is -95 + -3?
-98
In base 12, what is -50b - 0?
-50b
In base 6, what is -21 + 125?
104
In base 8, what is 0 + -517?
-517
In base 6, what is -11 + -3?
-14
In base 7, what is 1135 + 4?
1142
In base 13, what is -10 - 52?
-62
In base 14, what is -11 - 25d?
-270
In base 9, what is -3 - 0?
-3
In base 4, what is -13 - -232?
213
In base 16, what is 37 + -9?
2e
In base 11, what is -50 + -29?
-79
In base 7, what is -324 + -5?
-332
In base 2, what is -10011000110 + 11?
-10011000011
In base 10, what is 19002 - -1?
19003
In base 12, what is 212 - -4?
216
In base 2, what is -10111 - -1111?
-1000
In base 5, what is 104202 + 3?
104210
In base 3, what is -221 + -10110?
-11101
In base 13, what is 1 + a8?
a9
In base 13, what is -3 + 4?
1
In base 14, what is 2aa - -7?
2b3
In base 7, what is 650 - -4?
654
In base 13, what is -54 - -5?
-4c
In base 13, what is -3 - 12?
-15
In base 7, what is -1 - -356?
355
In base 16, what is 791 + 5?
796
In base 15, what is -7ab - 2?
-7ad
In base 15, what is 132 + -1?
131
In base 4, what is -1031221 - 0?
-1031221
In base 10, what is 4 - 24?
-20
In base 5, what is 1 + -33140?
-33134
In base 4, what is -1113 + -132?
-1311
In base 2, what is -1011011 + 100?
-1010111
In base 4, what is -32 - 3302?
-10000
In base 14, what is -6c + -2?
-70
In base 13, what is -15ca - -2?
-15c8
In base 13, what is 5 - 14c?
-147
In base 5, what is 32231 + -3?
32223
In base 16, what is -5 - -43?
3e
In base 12, what is -594 + -1?
-595
In base 10, what is 1 - 4126?
-4125
In base 14, what is -11 + b?
-4
In base 15, what is 0 - -2d9?
2d9
In base 10, what is -87 + -1?
-88
In base 8, what is -2073 - -2?
-2071
In base 7, what is 1060 - 2?
1055
In base 12, what is 372 - -9?
37b
In base 10, what is -2 - -7821?
7819
In base 3, what is 2 - 100011?
-100002
In base 14, what is 4 + -85d?
-859
In base 2, what is 11110 + 10?
100000
In base 15, what is 29 - 2b?
-2
In base 9, what is 3 + 388?
402
In base 14, what is a05 + -1?
a04
In base 4, what is -21 + 2?
-13
In base 8, what is -2 + -1226?
-1230
In base 4, what is 33301 + 3?
33310
In base 15, what is -be + 8?
-b6
In base 16, what is -73 + -2?
-75
In base 15, what is -2 - -67?
65
In base 4, what is -120 - 1203?
-1323
In base 14, what is 3 + 1cc0?
1cc3
In base 6, what is -203 - -11?
-152
In base 16, what is -1a5 - -2?
-1a3
In base 14, what is 4 + 7a?
80
In base 13, what is -5 - 53?
-58
In base 16, what is -20e - -2?
-20c
In base 15, what is 278 + 3?
27b
In base 4, what is -302 + -1?
-303
In base 6, what is 12 + -5354?
-5342
In base 3, what is -101111220 - 10?
-101112000
In base 12, what is 2746 - -5?
274b
In base 16, what is 2 - -95?
97
In base 5, what is 3 + -3001?
-2443
In base 8, what is 740 - 1?
737
In base 16, what is 8a - -2?
8c
In base 6, what is -3 + 314?
311
In base 12, what is -1a